is c(-404)?
-25
Let i(u) = -2862*u + 8473. Calculate i(3).
-113
Let n(f) = 3309078*f - 26472611. What is n(8)?
13
Let k(n) = 27*n**2 - 183*n - 2163. Calculate k(13).
21
Let i(x) = 7*x**2 - 15246*x - 45729. Calculate i(-3).
72
Let c(f) = -28403*f**2 + 4516079*f - 314. Give c(159).
4
Let k(o) = -166*o**2 - 7975*o - 8142. Determine k(-47).
-11
Let g(f) = -17*f**2 - 156*f - 139. Give g(-8).
21
Let h(g) = 158*g**3 + 7111*g**2 + 68*g + 1027. Give h(-45).
-8
Let b(a) = -a**3 + a**2 - 85*a - 780. Calculate b(0).
-780
Let d(q) = -5206*q - 46993. Calculate d(-9).
-139
Let c(i) = -i**3 + 9*i**2 + 224*i - 2178. What is c(11)?
44
Let q(l) = 3*l**2 + 1633*l - 14757. Give q(9).
183
Let w(i) = -i**3 - 8*i**2 - 750*i - 6847. Calculate w(-9).
-16
Let c(t) = -t**2 - 8532*t - 170002. What is c(-20)?
238
Let d(y) = -12100*y + 8699870. Give d(719).
-30
Let z(q) = -q**3 - 7*q**2 + 1795*q - 12490. Determine z(7).
-611
Let n(f) = -4422*f - 221100. Give n(-50).
0
Let d(m) = 249*m**2 + 40842*m + 958. Determine d(-164).
-26
Let z(t) = -217138*t - 3474205. What is z(-16)?
3
Let m(z) = -291*z + 72166. Give m(248).
-2
Let o(p) = -573*p**2 - 42406*p - 293. What is o(-74)?
3
Let d(l) = 6*l**2 - 22*l - 769. What is d(-16)?
1119
Let l(s) = 2*s**3 + 26*s**2 - 271*s - 37. What is l(-20)?
-217
Let b(d) = 3*d**3 - 2706*d**2 - 5425*d + 899. Determine b(904).
-5
Let i(d) = 689*d - 12379. What is i(18)?
23
Let k(a) = -21719*a + 21707. What is k(1)?
-12
Let x(b) = 3*b**3 - 16*b**2 - 75*b + 391. Give x(6).
13
Let g(y) = -y**2 - 670*y + 65324. Calculate g(86).
308
Let j(n) = 23030*n + 30100221. What is j(-1307)?
11
Let p(q) = q**2 + 57*q - 7550. Determine p(-127).
1340
Let g(b) = 9890*b - 939565. Give g(95).
-15
Let t(f) = -123848*f + 2105424. Calculate t(17).
8
Let j(d) = -4775*d - 124155. Calculate j(-26).
-5
Let u(w) = -2*w**2 + 38641*w + 270585. Give u(-7).
0
Let x(o) = o**3 + 174*o**2 - 36937*o - 1878. Give x(124).
-18
Let w(u) = u**3 - 76*u**2 + 1089*u - 5117. Give w(59).
-43
Let m(b) = -b**3 + b**2 + 343*b + 1374. Calculate m(-4).
82
Let x(i) = 10769*i - 43192. Give x(4).
-116
Let v(x) = 86678*x - 520032. Give v(6).
36
Let h(d) = -13509*d - 2472135. What is h(-183)?
12
Let r(c) = -351*c**2 + 7760*c - 840. What is r(22)?
-4
Let y(f) = -44785*f + 41. Determine y(0).
41
Let l(n) = 538*n - 25903. Give l(48).
-79
Let c(w) = -w**3 - 63*w**2 + 10138*w - 39. Calculate c(74).
-39
Let k(c) = -5*c**3 - 598*c**2 + 22444*c - 60. What is k(30)?
60
Let u(h) = 6*h**3 - 235*h**2 + 36*h - 55. Give u(39).
-172
Let x(s) = -264*s**3 + 793*s**2 - 86*s + 251. What is x(3)?
2
Let u(s) = 782*s + 98878. Give u(-128).
-1218
Let l(s) = -520622*s - 13015544. Determine l(-25).
6
Let h(r) = -907*r - 17172. Calculate h(-24).
4596
Let v(p) = 6*p**3 - 208*p**2 + 1260*p - 454. Calculate v(27).
32
Let z(x) = x**2 - 1986*x + 79752. Calculate z(41).
7
Let v(k) = -61968*k - 1673116. Determine v(-27).
20
Let a(u) = -u**3 - 60*u**2 - 214*u + 1218. Determine a(3).
9
Let y(u) = -280064*u + 560120. What is y(2)?
-8
Let d(n) = 2*n**2 + 7077*n - 2436095. Calculate d(316).
-51
Let p(i) = 154943*i - 774714. Give p(5).
1
Let p(d) = -d**3 + 150*d**2 - 625*d + 5984. What is p(146)?
-2
Let j(i) = 3574*i - 264406. What is j(74)?
70
Let f(s) = -s**3 + 792*s**2 + 2424*s + 604954. Give f(796).
-6
Let n(h) = 3091*h + 8765. Calculate n(-3).
-508
Let w(t) = -962*t - 2942. Give w(-3).
-56
Let p(w) = 4*w**2 + 718*w - 1972. What is p(-183)?
590
Let l(u) = -589*u - 33824. What is l(-57)?
-251
Let o(r) = -r**3 - 5*r**2 - 22912*r - 91619. What is o(-4)?
13
Let y(v) = 18975*v + 75897. Calculate y(-4).
-3
Let v(l) = -l**2 - 77*l + 1504. What is v(21)?
-554
Let r(t) = -1491*t + 86510. Determine r(58).
32
Let t(d) = 382*d - 2492. Calculate t(8).
564
Let o(n) = -2623*n - 322633. Give o(-123).
-4
Let p(d) = -17715461*d + 35430926. What is p(2)?
4
Let d(k) = -2*k**3 + 4*k**2 + 13*k - 51. Determine d(8).
-715
Let i(k) = 666*k**2 - 5438*k + 861. Calculate i(8).
-19
Let i(b) = 3*b**3 - 42*b**2 + 127*b + 17. Give i(10).
87
Let g(c) = -27*c**2 - 4527*c + 265376. Give g(46).
2
Let y(p) = -p**2 - 267*p + 20034. Calculate y(59).
800
Let v(r) = 1795*r + 60253. Calculate v(-33).
1018
Let v(t) = -t**3 + 21*t**2 + 22*t + 317. Give v(21).
779
Let a(h) = -3*h**3 - 26*h**2 - 1453*h - 13160. Give a(-9).
-2
Let g(b) = 4*b**2 + 1434*b + 2832. Give g(-2).
-20
Let k(y) = 3*y**3 + 4*y**2 - 59*y - 253. Calculate k(-5).
-233
Let u(z) = 118*z**2 - 85*z - 129. Calculate u(-2).
513
Let m(p) = -586*p**2 - 1369*p + 1370. Determine m(1).
-585
Let u(c) = -c**3 + 755*c**2 - 746*c - 5859. Calculate u(754).
173
Let n(o) = -o**3 - 115*o**2 + 113*o + 1027. Give n(-116).
1375
Let y(c) = 1405*c + 230225. Give y(-164).
-195
Let z(u) = 3094*u - 309405. Determine z(100).
-5
Let b(o) = -39*o**2 + 1474*o - 857. Give b(38).
-1161
Let w(u) = -u**3 - 9*u**2 + 380*u + 2609. Calculate w(-7).
-149
Let d(x) = 108*x - 19245. Give d(181).
303
Let v(z) = -2*z**2 - 10131*z - 81125. Calculate v(-8).
-205
Let p(g) = -3506*g + 1384889. Calculate p(395).
19
Let h(k) = 6*k**2 + 4438*k + 55250. Give h(-727).
-2
Let h(d) = -3*d**3 + 24*d**2 + 20*d - 126. Calculate h(8).
34
Let i(p) = 2*p**2 + 2715*p - 32858. Determine i(12).
10
Let a(u) = 1910*u**2 + 24676*u - 33. Give a(-13).
1969
Let q(b) = -135*b**2 + 1756*b - 5675. Give q(6).
1
Let a(w) = 698*w**2 - 29033*w - 11891. Give a(42).
-5
Let w(g) = -g**3 - 37*g**2 + 368*g - 844. Calculate w(-48).
6836
Let t(g) = 3*g**3 + 156*g**2 - 184*g - 1398. Calculate t(-53).
-73
Let s(c) = -60*c - 8160. Give s(-136).
0
Let n(j) = -3*j**3 + 43*j**2 + 255*j - 2018. Calculate n(17).
5
Let u(s) = 17*s**2 + 4629*s + 4637. Give u(-1).
25
Let o(t) = -98124*t - 6279947. Give o(-64).
-11
Let t(f) = -10*f**2 + 67*f + 70. What is t(4)?
178
Let n(l) = 2*l**2 + 421*l + 19857. Determine n(-93).
-1998
Let t(h) = 1196527*h + 16751385. Calculate t(-14).
7
Let c(p) = 717*p - 134070. Determine c(187).
9
Let w(x) = -27*x**2 + 6301*x + 3971. What is w(234)?
-7
Let k(g) = g**3 + 49*g**2 - 70*g + 126. Give k(-50).
1126
Let l(t) = -3737*t - 201712. Calculate l(-54).
86
Let v(c) = -c**2 - 25*c + 24. Determine v(-27).
-30
Let z(x) = -3*x**3 + 526*x**2 + 51216*x - 2692. Give z(245).
3
Let r(d) = 91579*d**2 + 366308*d - 44. Determine r(-4).
-12
Let l(v) = -39*v**3 + 275*v**2 + 130*v - 1004. Determine l(7).
4
Let a(d) = -2*d**3 - 102*d**2 - 51*d - 2720. Determine a(-51).
-119
Let k(c) = -9178*c - 1541784. Calculate k(-168).
120
Let b(o) = -o**3 + 63*o**2 + 137*o - 4688. Calculate b(64).
-16
Let o(a) = -5*a**3 - 7*a**2 + 14*a + 79. Give o(7).
-1881
Let a(q) = 125*q**2 + 5793*q - 11578. What is a(2)?
508
Let o(b) = b**3 - 101*b**2 + 590*b - 2084. Determine o(95).
-184
Let c(q) = -q**3 - 4*q**2 + 10815*q + 64844. Determine c(-6).
26
Let v(o) = 1780*o - 1048416. Calculate v(589).
4
Let v(d) = -4*d**3 + 7*d**2 + 12*d - 58. What is v(-7)?
1573
Let d(a) = a**3 + 897*a**2 + 37564*a - 17. Give d(-44).
-1425
Let j(f) = -59*f**3 + 19*f**2 + 9*f - 5. Determine j(3).
-1400
Let p(b) = 2277*b - 423. Give p(-2).
-4977
Let b(s) = 2*s**3 + 29*s**2 - 2003*s - 31293. What is b(-16)?
-13
Let j(c) = -c**3 + 343*c**2 - 3315*c - 138. What is j(10)?
12
Let w(r) = -110*r - 11388. Give w(-99).
-498
Let b(p) = -279*p**2 + 6951*p + 67. Calculate b(25).
-533
Let g(z) = -178*z**2 - 15105*z + 2139. Calculate g(-85).
14
Let k(s) = -3637*s + 7261. What is k(2)?
-13
Let a(q) = -241*q**2 - 1451*q - 11. Give a(-6).
19
Let h(z) = z**2 + 51712*z - 11112165. Determine h(214).
-1
Let j(o) = -672*o**2 - 28234*o - 246. What is j(-42)?
174
Let n(z) = -z**3 - 191*z**2 + 773*z + 2728. What is n(-195)?
4093
Let p(v) = v**3 - 364*v**2 + 14678*v + 10394. Calculate p(47).
7
Let z(t) = 102*t**3 + 117*t**2 - 20*t - 7. Give z(0).
-7
Let g(n) = -13442*n - 12750. Determine g(-1).
692
Let i(k) = 1668*k - 21324. Calculate i(12).
-1308
Let y(j) = -18*j**2 + 41*j - 278. Calculate y(5).
-523
Let a(b) = -b**2 + 1085*b - 54692. Calculate a(53).
4
Let r(w) = -3*w**2 + 2134*w + 4275. Give r(-2).
-5
Let c(x) = -8*x**3 - 5*x**2 + 104*x + 402. Determine c(-4).
418
Let j(v) = 210*v - 9644. What is j(46)?
16
Let x(r) = 7*r**2 - 679*r + 1373. Determine x(89).
-3611
Let r(s) = s**3 + 22*s**2 - 4*s + 1050. Give r(-24).
-6
Let v(z) = 1336*z + 63118. Calculate v(-46).
16